{"id":845,"date":"2025-10-31T20:16:18","date_gmt":"2025-10-31T19:16:18","guid":{"rendered":"https:\/\/iacolino.be\/peugeot\/?page_id=845"},"modified":"2025-11-12T18:58:21","modified_gmt":"2025-11-12T17:58:21","slug":"financement","status":"publish","type":"page","link":"https:\/\/iacolino.be\/peugeot\/financement\/","title":{"rendered":"Financement"},"content":{"rendered":"\t\t<div data-elementor-type=\"wp-page\" data-elementor-id=\"845\" class=\"elementor elementor-845\" data-elementor-post-type=\"page\">\n\t\t\t\t\t\t<section class=\"elementor-section elementor-inner-section elementor-element elementor-element-7dbfbf5 elementor-section-boxed elementor-section-height-default elementor-section-height-default\" data-id=\"7dbfbf5\" data-element_type=\"section\" data-e-type=\"section\" data-settings=\"{&quot;background_background&quot;:&quot;classic&quot;}\">\n\t\t\t\t\t\t<div class=\"elementor-container elementor-column-gap-default\">\n\t\t\t\t\t<div class=\"elementor-column elementor-col-100 elementor-inner-column elementor-element elementor-element-5a4eaefc\" data-id=\"5a4eaefc\" data-element_type=\"column\" data-e-type=\"column\">\n\t\t\t<div class=\"elementor-widget-wrap elementor-element-populated\">\n\t\t\t\t\t\t<div class=\"elementor-element elementor-element-7d926fbe elementor-widget elementor-widget-heading\" data-id=\"7d926fbe\" data-element_type=\"widget\" data-e-type=\"widget\" data-widget_type=\"heading.default\">\n\t\t\t\t\t<h1 class=\"elementor-heading-title elementor-size-default\">Financement<\/h1>\t\t\t\t<\/div>\n\t\t\t\t\t<\/div>\n\t\t<\/div>\n\t\t\t\t\t<\/div>\n\t\t<\/section>\n\t\t<div class=\"elementor-element elementor-element-58bf2f5 e-flex e-con-boxed e-con e-parent\" data-id=\"58bf2f5\" data-element_type=\"container\" data-e-type=\"container\">\n\t\t\t\t\t<div class=\"e-con-inner\">\n\t\t<div class=\"elementor-element elementor-element-f9f9fc8 e-con-full e-flex e-con e-child\" data-id=\"f9f9fc8\" data-element_type=\"container\" data-e-type=\"container\">\n\t\t\t\t<div class=\"elementor-element elementor-element-3706e3c elementor-widget elementor-widget-image\" data-id=\"3706e3c\" data-element_type=\"widget\" data-e-type=\"widget\" data-widget_type=\"image.default\">\n\t\t\t\t\t\t\t\t\t\t\t\t\t\t\t<img fetchpriority=\"high\" decoding=\"async\" width=\"762\" height=\"330\" src=\"https:\/\/iacolino.be\/peugeot\/wp-content\/uploads\/2025\/10\/financement_peugeot_iacolino_01.jpg\" class=\"attachment-large size-large wp-image-860\" alt=\"\" srcset=\"https:\/\/iacolino.be\/peugeot\/wp-content\/uploads\/2025\/10\/financement_peugeot_iacolino_01.jpg 762w, https:\/\/iacolino.be\/peugeot\/wp-content\/uploads\/2025\/10\/financement_peugeot_iacolino_01-300x130.jpg 300w\" sizes=\"(max-width: 762px) 100vw, 762px\" \/>\t\t\t\t\t\t\t\t\t\t\t\t\t\t\t<\/div>\n\t\t\t\t<div class=\"elementor-element elementor-element-43f63ee elementor-widget elementor-widget-heading\" data-id=\"43f63ee\" data-element_type=\"widget\" data-e-type=\"widget\" data-widget_type=\"heading.default\">\n\t\t\t\t\t<h4 class=\"elementor-heading-title elementor-size-default\">ATTENTION, EMPRUNTER DE L\u2019ARGENT\nCO\u00dbTE AUSSI DE L\u2019ARGENT<\/h4>\t\t\t\t<\/div>\n\t\t\t\t<div class=\"elementor-element elementor-element-511984b elementor-widget elementor-widget-text-editor\" data-id=\"511984b\" data-element_type=\"widget\" data-e-type=\"widget\" data-widget_type=\"text-editor.default\">\n\t\t\t\t\t\t\t\t\t<h6>PEUGEOT AUTOFIN :<\/h6><h6>SOUPLESSE : UNE DUR\u00c9E AU CHOIX AVEC OU SANS ACOMPTE<br \/>S\u00c9R\u00c9NIT\u00c9 : UNE MENSUALIT\u00c9 CONSTANTE JUSQU\u2019\u00c0 LA FIN DE VOTRE CONTRAT<\/h6>\t\t\t\t\t\t\t\t<\/div>\n\t\t\t\t<div class=\"elementor-element elementor-element-179912c elementor-widget elementor-widget-text-editor\" data-id=\"179912c\" data-element_type=\"widget\" data-e-type=\"widget\" data-widget_type=\"text-editor.default\">\n\t\t\t\t\t\t\t\t\t<p>Avec Peugeot Autofin*, vous avez le choix de verser ou non un acompte.<br \/>Ce paiement s\u2019effectue via des versements mensuels fixes sur une dur\u00e9e de 72 mois maximum (selon les dispositions l\u00e9gales, applicables aux particuliers).<\/p><p>* Forme de cr\u00e9dit : pr\u00eat \u00e0 temp\u00e9rament avec ou sans acompte et dur\u00e9e maximum de 72 mois. Offre de cr\u00e9dit sous r\u00e9serve d\u2019acceptation du dossier.<\/p>\t\t\t\t\t\t\t\t<\/div>\n\t\t\t\t<\/div>\n\t\t<div class=\"elementor-element elementor-element-96e761a e-con-full e-flex e-con e-child\" data-id=\"96e761a\" data-element_type=\"container\" data-e-type=\"container\">\n\t\t\t\t<div class=\"elementor-element elementor-element-c72a96b elementor-widget elementor-widget-image\" data-id=\"c72a96b\" data-element_type=\"widget\" data-e-type=\"widget\" data-widget_type=\"image.default\">\n\t\t\t\t\t\t\t\t\t\t\t\t\t\t\t<img decoding=\"async\" width=\"762\" height=\"330\" src=\"https:\/\/iacolino.be\/peugeot\/wp-content\/uploads\/2025\/10\/financement_peugeot_iacolino_02.jpg\" class=\"attachment-large size-large wp-image-861\" alt=\"\" srcset=\"https:\/\/iacolino.be\/peugeot\/wp-content\/uploads\/2025\/10\/financement_peugeot_iacolino_02.jpg 762w, https:\/\/iacolino.be\/peugeot\/wp-content\/uploads\/2025\/10\/financement_peugeot_iacolino_02-300x130.jpg 300w\" sizes=\"(max-width: 762px) 100vw, 762px\" \/>\t\t\t\t\t\t\t\t\t\t\t\t\t\t\t<\/div>\n\t\t\t\t<div class=\"elementor-element elementor-element-e009abb elementor-widget elementor-widget-heading\" data-id=\"e009abb\" data-element_type=\"widget\" data-e-type=\"widget\" data-widget_type=\"heading.default\">\n\t\t\t\t\t<h4 class=\"elementor-heading-title elementor-size-default\">ATTENTION, EMPRUNTER DE L\u2019ARGENT\nCO\u00dbTE AUSSI DE L\u2019ARGENT<\/h4>\t\t\t\t<\/div>\n\t\t\t\t<div class=\"elementor-element elementor-element-6a005a2 elementor-widget elementor-widget-text-editor\" data-id=\"6a005a2\" data-element_type=\"widget\" data-e-type=\"widget\" data-widget_type=\"text-editor.default\">\n\t\t\t\t\t\t\t\t\t<h6>PEUGEOT STRETCHING :<\/h6><h6><strong>ACCESSIBILIT\u00c9<\/strong>\u00a0: UNE FAIBLE MENSUALIT\u00c9 ADAPT\u00c9E \u00c0 VOTRE BUDGET<br \/><strong>FACILIT\u00c9<\/strong>\u00a0: UNE VALEUR DE REPRISE GARANTIE<br \/><strong>NOUVEAUT\u00c9<\/strong>\u00a0: UN V\u00c9HICULE NEUF RENOUVEL\u00c9 R\u00c9GULI\u00c8REMENT<\/h6>\t\t\t\t\t\t\t\t<\/div>\n\t\t\t\t<div class=\"elementor-element elementor-element-1ba9cf0 elementor-widget elementor-widget-text-editor\" data-id=\"1ba9cf0\" data-element_type=\"widget\" data-e-type=\"widget\" data-widget_type=\"text-editor.default\">\n\t\t\t\t\t\t\t\t\t<p>Le financement Peugeot Stretching* vous propose une fa\u00e7on originale et intelligente d\u2019acqu\u00e9rir votre nouvelle Peugeot. En fin de contrat, vous avez le choix entre : garder votre Peugeot en payant la derni\u00e8re mensualit\u00e9 au montant convenu,\u00a0acheter une nouvelle Peugeot. Dans ce cas, votre distributeur reprend votre ancienne Peugeot et r\u00e8gle la derni\u00e8re mensualit\u00e9 (valeur de rachat garantie). Avec Peugeot Stretching, vous ne payez que l\u2019usage de la voiture. Vous pouvez donc vous offrir une voiture neuve plus rapidement avec un budget r\u00e9duit et sans le moindre souci.<\/p><p>* Forme de cr\u00e9dit: pr\u00eat \u00e0 temp\u00e9rament avec acompte de minimum 15% et dur\u00e9e maximum de 60 mois.<\/p><p>Offre de cr\u00e9dit sous r\u00e9serve d\u2019acceptation du dossier.<\/p>\t\t\t\t\t\t\t\t<\/div>\n\t\t\t\t<\/div>\n\t\t\t\t\t<\/div>\n\t\t\t\t<\/div>\n\t\t<div class=\"elementor-element elementor-element-6cb5f69 e-flex e-con-boxed e-con e-parent\" data-id=\"6cb5f69\" data-element_type=\"container\" data-e-type=\"container\">\n\t\t\t\t\t<div class=\"e-con-inner\">\n\t\t<div class=\"elementor-element elementor-element-3951a73 e-con-full e-flex e-con e-child\" data-id=\"3951a73\" data-element_type=\"container\" data-e-type=\"container\">\n\t\t\t\t<div class=\"elementor-element elementor-element-588cd5b elementor-widget elementor-widget-image\" data-id=\"588cd5b\" data-element_type=\"widget\" data-e-type=\"widget\" data-widget_type=\"image.default\">\n\t\t\t\t\t\t\t\t\t\t\t\t\t\t\t<img decoding=\"async\" width=\"762\" height=\"330\" src=\"https:\/\/iacolino.be\/peugeot\/wp-content\/uploads\/2025\/10\/pour-les-particuliers.png\" class=\"attachment-large size-large wp-image-899\" alt=\"\" srcset=\"https:\/\/iacolino.be\/peugeot\/wp-content\/uploads\/2025\/10\/pour-les-particuliers.png 762w, https:\/\/iacolino.be\/peugeot\/wp-content\/uploads\/2025\/10\/pour-les-particuliers-300x130.png 300w\" sizes=\"(max-width: 762px) 100vw, 762px\" \/>\t\t\t\t\t\t\t\t\t\t\t\t\t\t\t<\/div>\n\t\t\t\t<div class=\"elementor-element elementor-element-979ea1a elementor-widget elementor-widget-heading\" data-id=\"979ea1a\" data-element_type=\"widget\" data-e-type=\"widget\" data-widget_type=\"heading.default\">\n\t\t\t\t\t<h4 class=\"elementor-heading-title elementor-size-default\">Le leasing accessible aux particuliers\n<\/h4>\t\t\t\t<\/div>\n\t\t\t\t<div class=\"elementor-element elementor-element-d5f1a33 elementor-widget elementor-widget-text-editor\" data-id=\"d5f1a33\" data-element_type=\"widget\" data-e-type=\"widget\" data-widget_type=\"text-editor.default\">\n\t\t\t\t\t\t\t\t\t<div class=\"vc_row wpb_row section vc_row-fluid \"><div class=\" full_section_inner clearfix\"><div class=\"wpb_column vc_column_container vc_col-sm-6\"><div class=\"vc_column-inner\"><div class=\"wpb_wrapper\"><div class=\"wpb_text_column wpb_content_element \"><div class=\"wpb_wrapper\"><h4 style=\"text-align: center;\">PEUGEOT PRIVATE LEASE :<\/h4><h4 style=\"text-align: center;\">Quelles sont les bonnes nouvelles ?<\/h4><p>Peugeot Private Lease offre les m\u00eames avantages que le leasing op\u00e9rationnel des professionnels.<\/p><p>Ce qui est compris :<\/p><ul><li>Le leasing de votre v\u00e9hicule<\/li><li>La garantie constructeur pendant toute la dur\u00e9e du contrat<\/li><li>L\u2019assistance sur la route<\/li><li>Les taxes (de circulation et de mise en circulation)<\/li><li>L\u2019assurance responsabilit\u00e9 civile<\/li><li>Couverture des dommages<\/li><li>Les entretiens<\/li><li>Les pi\u00e8ces d\u2019usure<\/li><li>Les pneus classiques + les pneus hiver (option)<\/li><\/ul><h4 style=\"text-align: center;\"><strong>Quelles sont les bonnes nouvelles ?<\/strong><\/h4><p>Peugeot s\u2019occupe du paiement des taxes et m\u00eame de l\u2019immatriculation de votre v\u00e9hicule.<\/p><p>Vous n\u2019immobilisez pas inutilement votre capital en ne payant que l\u2019utilisation de votre Peugeot.<\/p><p>Premier loyer major\u00e9 possible<\/p><p>Avec un monde automobile en plein changement (hybride, \u00e9lectrique,..), vous ne prenez aucun risque quant \u00e0 la valeur r\u00e9siduelle du v\u00e9hicule.<\/p><p>Au terme du contrat, vous rendez votre v\u00e9hicule et pouvez l\u2019\u00e9changer pour une nouvelle<\/p><p>Peugeot pour rouler en permanence avec un mod\u00e8le r\u00e9cent.<\/p><p>Les r\u00e9parations, les entretiens et un v\u00e9hicule de remplacement en cas d\u2019accident ou d\u2019incident technique sont compris, ce qui est tr\u00e8s rassurant et tr\u00e8s confortable.<\/p><p>Enfin, vous b\u00e9n\u00e9ficierez de remises analogues \u00e0 celles offertes aux clients<br \/>professionnels dans une formule de location longue dur\u00e9e.<\/p><p>N\u2019attendez plus et profitez-en !<\/p><\/div><\/div><\/div><\/div><\/div><div class=\"wpb_column vc_column_container vc_col-sm-6\"><div class=\"vc_column-inner\"><div class=\"wpb_wrapper\"><div class=\"wpb_text_column wpb_content_element \"><div class=\"wpb_wrapper\"><h5 style=\"text-align: center;\"><span style=\"color: #0000ff;\">ATTENTION, EMPRUNTER DE L\u2019ARGENT<\/span><br \/><span style=\"color: #0000ff;\">CO\u00dbTE AUSSI DE L\u2019ARGENT<\/span><\/h5><h4>\u00a0<\/h4><\/div><\/div><\/div><\/div><\/div><\/div><\/div><div class=\"vc_row wpb_row section vc_row-fluid \"><div class=\" full_section_inner clearfix\"><div class=\"wpb_column vc_column_container vc_col-sm-12\"><div class=\"vc_column-inner\"><div class=\"wpb_wrapper\"><div class=\"vc_empty_space\">\u00a0<\/div><\/div><\/div><\/div><\/div><\/div>\t\t\t\t\t\t\t\t<\/div>\n\t\t\t\t<\/div>\n\t\t<div class=\"elementor-element elementor-element-695a39a e-con-full e-flex e-con e-child\" data-id=\"695a39a\" data-element_type=\"container\" data-e-type=\"container\">\n\t\t\t\t<\/div>\n\t\t\t\t\t<\/div>\n\t\t\t\t<\/div>\n\t\t\t\t<\/div>\n\t\t","protected":false},"excerpt":{"rendered":"<p>ATTENTION, EMPRUNTER DE L\u2019ARGENT CO\u00dbTE AUSSI DE L\u2019ARGENT PEUGEOT AUTOFIN : SOUPLESSE : UNE DUR\u00c9E AU CHOIX AVEC OU SANS ACOMPTES\u00c9R\u00c9NIT\u00c9 : UNE MENSUALIT\u00c9 CONSTANTE JUSQU\u2019\u00c0 LA FIN DE VOTRE CONTRAT Avec Peugeot Autofin*, vous avez le choix de verser ou non un acompte.Ce paiement s\u2019effectue via des versements mensuels fixes sur une dur\u00e9e de [&hellip;]<\/p>\n","protected":false},"author":2,"featured_media":0,"parent":0,"menu_order":0,"comment_status":"closed","ping_status":"closed","template":"elementor_header_footer","meta":{"footnotes":""},"class_list":["post-845","page","type-page","status-publish","hentry"],"yoast_head":"<!-- This site is optimized with the Yoast SEO plugin v27.6 - https:\/\/yoast.com\/product\/yoast-seo-wordpress\/ -->\n<title>Financement Peugeot iacolino \u00e0 Seraing<\/title>\n<meta name=\"description\" content=\"Financement Peugeot iacolino. D\u00e9couvrez nos solutions de financement lors de l&#039;achat de votre nouvelle voiture.\" \/>\n<meta name=\"robots\" content=\"index, follow, max-snippet:-1, max-image-preview:large, max-video-preview:-1\" \/>\n<link rel=\"canonical\" href=\"https:\/\/iacolino.be\/peugeot\/financement\/\" \/>\n<meta property=\"og:locale\" content=\"fr_FR\" \/>\n<meta property=\"og:type\" content=\"article\" \/>\n<meta property=\"og:title\" content=\"Financement Peugeot iacolino \u00e0 Seraing\" \/>\n<meta property=\"og:description\" content=\"Financement Peugeot iacolino. D\u00e9couvrez nos solutions de financement lors de l&#039;achat de votre nouvelle voiture.\" \/>\n<meta property=\"og:url\" content=\"https:\/\/iacolino.be\/peugeot\/financement\/\" \/>\n<meta property=\"og:site_name\" content=\"iacolino.be - Peugeot\" \/>\n<meta property=\"article:publisher\" content=\"https:\/\/www.facebook.com\/peugeotiacolinoseraing\/?locale=fr_FR\" \/>\n<meta property=\"article:modified_time\" content=\"2025-11-12T17:58:21+00:00\" \/>\n<meta property=\"og:image\" content=\"https:\/\/iacolino.be\/peugeot\/wp-content\/uploads\/2025\/10\/financement_peugeot_iacolino_01.jpg\" \/>\n\t<meta property=\"og:image:width\" content=\"762\" \/>\n\t<meta property=\"og:image:height\" content=\"330\" \/>\n\t<meta property=\"og:image:type\" content=\"image\/jpeg\" \/>\n<meta name=\"twitter:card\" content=\"summary_large_image\" \/>\n<meta name=\"twitter:label1\" content=\"Dur\u00e9e de lecture estim\u00e9e\" \/>\n\t<meta name=\"twitter:data1\" content=\"3 minutes\" \/>\n<script type=\"application\/ld+json\" class=\"yoast-schema-graph\">{\"@context\":\"https:\\\/\\\/schema.org\",\"@graph\":[{\"@type\":\"WebPage\",\"@id\":\"https:\\\/\\\/iacolino.be\\\/peugeot\\\/financement\\\/\",\"url\":\"https:\\\/\\\/iacolino.be\\\/peugeot\\\/financement\\\/\",\"name\":\"Financement Peugeot iacolino \u00e0 Seraing\",\"isPartOf\":{\"@id\":\"https:\\\/\\\/iacolino.be\\\/peugeot\\\/#website\"},\"primaryImageOfPage\":{\"@id\":\"https:\\\/\\\/iacolino.be\\\/peugeot\\\/financement\\\/#primaryimage\"},\"image\":{\"@id\":\"https:\\\/\\\/iacolino.be\\\/peugeot\\\/financement\\\/#primaryimage\"},\"thumbnailUrl\":\"https:\\\/\\\/iacolino.be\\\/peugeot\\\/wp-content\\\/uploads\\\/2025\\\/10\\\/financement_peugeot_iacolino_01.jpg\",\"datePublished\":\"2025-10-31T19:16:18+00:00\",\"dateModified\":\"2025-11-12T17:58:21+00:00\",\"description\":\"Financement Peugeot iacolino. D\u00e9couvrez nos solutions de financement lors de l'achat de votre nouvelle voiture.\",\"breadcrumb\":{\"@id\":\"https:\\\/\\\/iacolino.be\\\/peugeot\\\/financement\\\/#breadcrumb\"},\"inLanguage\":\"fr-FR\",\"potentialAction\":[{\"@type\":\"ReadAction\",\"target\":[\"https:\\\/\\\/iacolino.be\\\/peugeot\\\/financement\\\/\"]}]},{\"@type\":\"ImageObject\",\"inLanguage\":\"fr-FR\",\"@id\":\"https:\\\/\\\/iacolino.be\\\/peugeot\\\/financement\\\/#primaryimage\",\"url\":\"https:\\\/\\\/iacolino.be\\\/peugeot\\\/wp-content\\\/uploads\\\/2025\\\/10\\\/financement_peugeot_iacolino_01.jpg\",\"contentUrl\":\"https:\\\/\\\/iacolino.be\\\/peugeot\\\/wp-content\\\/uploads\\\/2025\\\/10\\\/financement_peugeot_iacolino_01.jpg\",\"width\":762,\"height\":330},{\"@type\":\"BreadcrumbList\",\"@id\":\"https:\\\/\\\/iacolino.be\\\/peugeot\\\/financement\\\/#breadcrumb\",\"itemListElement\":[{\"@type\":\"ListItem\",\"position\":1,\"name\":\"Accueil\",\"item\":\"https:\\\/\\\/iacolino.be\\\/peugeot\\\/\"},{\"@type\":\"ListItem\",\"position\":2,\"name\":\"Financement\"}]},{\"@type\":\"WebSite\",\"@id\":\"https:\\\/\\\/iacolino.be\\\/peugeot\\\/#website\",\"url\":\"https:\\\/\\\/iacolino.be\\\/peugeot\\\/\",\"name\":\"iacolino.be - Peugeot\",\"description\":\"\",\"potentialAction\":[{\"@type\":\"SearchAction\",\"target\":{\"@type\":\"EntryPoint\",\"urlTemplate\":\"https:\\\/\\\/iacolino.be\\\/peugeot\\\/?s={search_term_string}\"},\"query-input\":{\"@type\":\"PropertyValueSpecification\",\"valueRequired\":true,\"valueName\":\"search_term_string\"}}],\"inLanguage\":\"fr-FR\"}]}<\/script>\n<!-- \/ Yoast SEO plugin. -->","yoast_head_json":{"title":"Financement Peugeot iacolino \u00e0 Seraing","description":"Financement Peugeot iacolino. D\u00e9couvrez nos solutions de financement lors de l'achat de votre nouvelle voiture.","robots":{"index":"index","follow":"follow","max-snippet":"max-snippet:-1","max-image-preview":"max-image-preview:large","max-video-preview":"max-video-preview:-1"},"canonical":"https:\/\/iacolino.be\/peugeot\/financement\/","og_locale":"fr_FR","og_type":"article","og_title":"Financement Peugeot iacolino \u00e0 Seraing","og_description":"Financement Peugeot iacolino. D\u00e9couvrez nos solutions de financement lors de l'achat de votre nouvelle voiture.","og_url":"https:\/\/iacolino.be\/peugeot\/financement\/","og_site_name":"iacolino.be - Peugeot","article_publisher":"https:\/\/www.facebook.com\/peugeotiacolinoseraing\/?locale=fr_FR","article_modified_time":"2025-11-12T17:58:21+00:00","og_image":[{"width":762,"height":330,"url":"https:\/\/iacolino.be\/peugeot\/wp-content\/uploads\/2025\/10\/financement_peugeot_iacolino_01.jpg","type":"image\/jpeg"}],"twitter_card":"summary_large_image","twitter_misc":{"Dur\u00e9e de lecture estim\u00e9e":"3 minutes"},"schema":{"@context":"https:\/\/schema.org","@graph":[{"@type":"WebPage","@id":"https:\/\/iacolino.be\/peugeot\/financement\/","url":"https:\/\/iacolino.be\/peugeot\/financement\/","name":"Financement Peugeot iacolino \u00e0 Seraing","isPartOf":{"@id":"https:\/\/iacolino.be\/peugeot\/#website"},"primaryImageOfPage":{"@id":"https:\/\/iacolino.be\/peugeot\/financement\/#primaryimage"},"image":{"@id":"https:\/\/iacolino.be\/peugeot\/financement\/#primaryimage"},"thumbnailUrl":"https:\/\/iacolino.be\/peugeot\/wp-content\/uploads\/2025\/10\/financement_peugeot_iacolino_01.jpg","datePublished":"2025-10-31T19:16:18+00:00","dateModified":"2025-11-12T17:58:21+00:00","description":"Financement Peugeot iacolino. D\u00e9couvrez nos solutions de financement lors de l'achat de votre nouvelle voiture.","breadcrumb":{"@id":"https:\/\/iacolino.be\/peugeot\/financement\/#breadcrumb"},"inLanguage":"fr-FR","potentialAction":[{"@type":"ReadAction","target":["https:\/\/iacolino.be\/peugeot\/financement\/"]}]},{"@type":"ImageObject","inLanguage":"fr-FR","@id":"https:\/\/iacolino.be\/peugeot\/financement\/#primaryimage","url":"https:\/\/iacolino.be\/peugeot\/wp-content\/uploads\/2025\/10\/financement_peugeot_iacolino_01.jpg","contentUrl":"https:\/\/iacolino.be\/peugeot\/wp-content\/uploads\/2025\/10\/financement_peugeot_iacolino_01.jpg","width":762,"height":330},{"@type":"BreadcrumbList","@id":"https:\/\/iacolino.be\/peugeot\/financement\/#breadcrumb","itemListElement":[{"@type":"ListItem","position":1,"name":"Accueil","item":"https:\/\/iacolino.be\/peugeot\/"},{"@type":"ListItem","position":2,"name":"Financement"}]},{"@type":"WebSite","@id":"https:\/\/iacolino.be\/peugeot\/#website","url":"https:\/\/iacolino.be\/peugeot\/","name":"iacolino.be - Peugeot","description":"","potentialAction":[{"@type":"SearchAction","target":{"@type":"EntryPoint","urlTemplate":"https:\/\/iacolino.be\/peugeot\/?s={search_term_string}"},"query-input":{"@type":"PropertyValueSpecification","valueRequired":true,"valueName":"search_term_string"}}],"inLanguage":"fr-FR"}]}},"_links":{"self":[{"href":"https:\/\/iacolino.be\/peugeot\/wp-json\/wp\/v2\/pages\/845","targetHints":{"allow":["GET"]}}],"collection":[{"href":"https:\/\/iacolino.be\/peugeot\/wp-json\/wp\/v2\/pages"}],"about":[{"href":"https:\/\/iacolino.be\/peugeot\/wp-json\/wp\/v2\/types\/page"}],"author":[{"embeddable":true,"href":"https:\/\/iacolino.be\/peugeot\/wp-json\/wp\/v2\/users\/2"}],"replies":[{"embeddable":true,"href":"https:\/\/iacolino.be\/peugeot\/wp-json\/wp\/v2\/comments?post=845"}],"version-history":[{"count":8,"href":"https:\/\/iacolino.be\/peugeot\/wp-json\/wp\/v2\/pages\/845\/revisions"}],"predecessor-version":[{"id":957,"href":"https:\/\/iacolino.be\/peugeot\/wp-json\/wp\/v2\/pages\/845\/revisions\/957"}],"wp:attachment":[{"href":"https:\/\/iacolino.be\/peugeot\/wp-json\/wp\/v2\/media?parent=845"}],"curies":[{"name":"wp","href":"https:\/\/api.w.org\/{rel}","templated":true}]}}